{"id":32,"date":"2026-03-29T09:51:39","date_gmt":"2026-03-29T09:51:39","guid":{"rendered":"https:\/\/blazync.space\/?page_id=32"},"modified":"2026-03-29T09:51:42","modified_gmt":"2026-03-29T09:51:42","slug":"datenschutzerklaerung-nach-dsgvo","status":"publish","type":"page","link":"https:\/\/blazync.space\/?page_id=32","title":{"rendered":"Datenschutzerkl\u00e4rung nach DSGVO"},"content":{"rendered":"\n<p>Der Schutz Ihrer pers\u00f6nlichen Daten ist f\u00fcr blazync ein zentrales Anliegen, besonders bei der Planung sensibler Bauprojekte in privaten G\u00e4rten. Wir behandeln Ihre personenbezogenen Daten vertraulich und entsprechend der gesetzlichen Datenschutzvorschriften sowie dieser Datenschutzerkl\u00e4rung. Die Nutzung unserer Webseite ist in der Regel ohne Angabe personenbezogener Daten m\u00f6glich, jedoch erfordern bestimmte Anfragen f\u00fcr BBQ Zonen in Nossen die Erhebung minimaler Informationen zur Kontaktaufnahme.<\/p>\n\n\n\n<h2 class=\"wp-block-heading\">Erhebung und Speicherung personenbezogener Daten<\/h2>\n\n\n\n<p>Wenn Sie uns eine E-Mail an mail@blazync.space senden, werden Ihre Angaben inklusive der von Ihnen dort angegebenen Kontaktdaten zwecks Bearbeitung der Anfrage und f\u00fcr den Fall von Anschlussfragen bei uns gespeichert. Diese Daten geben wir nicht ohne Ihre Einwilligung weiter. Wir weisen darauf hin, dass die Daten\u00fcbertragung im Internet Sicherheitsl\u00fccken aufweisen kann, da ein l\u00fcckenloser Schutz der Daten vor dem Zugriff durch Dritte technisch nicht m\u00f6glich ist.<\/p>\n\n\n\n<h2 class=\"wp-block-heading\">Rechte der betroffenen Personen<\/h2>\n\n\n\n<p>Nach der Datenschutz Grundverordnung haben Sie weitreichende Rechte bez\u00fcglich Ihrer bei blazync gespeicherten Daten. Wir legen Wert darauf, dass Sie jederzeit die volle Kontrolle \u00fcber Ihre Informationen behalten.<\/p>\n\n\n\n<ol start=\"1\" class=\"wp-block-list\">\n<li>Auskunftsrecht \u00fcber die Herkunft und den Empf\u00e4nger Ihrer gespeicherten Daten.<\/li>\n\n\n\n<li>Recht auf Berichtigung unrichtiger Daten oder Vervollst\u00e4ndigung Ihrer Angaben.<\/li>\n\n\n\n<li>Recht auf L\u00f6schung Ihrer bei uns hinterlegten Daten, sofern keine gesetzliche Aufbewahrungspflicht besteht.<\/li>\n\n\n\n<li>Recht auf Einschr\u00e4nkung der Verarbeitung Ihrer Daten in bestimmten F\u00e4llen.<\/li>\n\n\n\n<li>Recht auf Daten\u00fcbertragbarkeit in einem strukturierten, g\u00e4ngigen Format.<\/li>\n<\/ol>\n\n\n\n<h2 class=\"wp-block-heading\">Datenverarbeitung auf dieser Internetseite<\/h2>\n\n\n\n<p>blazync erhebt und speichert automatisch Informationen in sogenannten Server Log Files, die Ihr Browser automatisch an uns \u00fcbermittelt. Dies umfasst den Browsertyp, das verwendete Betriebssystem, die Referrer URL, den Hostnamen des zugreifenden Rechners sowie die Uhrzeit der Serveranfrage. Diese Daten sind nicht bestimmten Personen zuordenbar und eine Zusammenf\u00fchrung dieser Daten mit anderen Datenquellen wird nicht vorgenommen. Wir behalten uns vor, diese Daten nachtr\u00e4glich zu pr\u00fcfen, wenn uns konkrete Anhaltspunkte f\u00fcr eine rechtswidrige Nutzung bekannt werden. F\u00fcr alle Anfragen bez\u00fcglich des Datenschutzes ist Charly Collin in der Wilsdruffer Str. 15 Ihr direkter Ansprechpartner in Nossen.<\/p>\n","protected":false},"excerpt":{"rendered":"<p>Der Schutz Ihrer pers\u00f6nlichen Daten ist f\u00fcr blazync ein zentrales Anliegen, besonders bei der Planung sensibler Bauprojekte in privaten G\u00e4rten. Wir behandeln Ihre personenbezogenen Daten vertraulich und entsprechend der gesetzlichen Datenschutzvorschriften sowie dieser Datenschutzerkl\u00e4rung. Die Nutzung unserer Webseite ist in&#8230; <a class=\"di-continue-reading\" href=\"https:\/\/blazync.space\/?page_id=32\"> Continue Reading&#8230;<\/a><\/p>\n","protected":false},"author":1,"featured_media":0,"parent":0,"menu_order":6,"comment_status":"closed","ping_status":"closed","template":"","meta":{"footnotes":""},"class_list":["post-32","page","type-page","status-publish","hentry"],"_links":{"self":[{"href":"https:\/\/blazync.space\/index.php?rest_route=\/wp\/v2\/pages\/32","targetHints":{"allow":["GET"]}}],"collection":[{"href":"https:\/\/blazync.space\/index.php?rest_route=\/wp\/v2\/pages"}],"about":[{"href":"https:\/\/blazync.space\/index.php?rest_route=\/wp\/v2\/types\/page"}],"author":[{"embeddable":true,"href":"https:\/\/blazync.space\/index.php?rest_route=\/wp\/v2\/users\/1"}],"replies":[{"embeddable":true,"href":"https:\/\/blazync.space\/index.php?rest_route=%2Fwp%2Fv2%2Fcomments&post=32"}],"version-history":[{"count":1,"href":"https:\/\/blazync.space\/index.php?rest_route=\/wp\/v2\/pages\/32\/revisions"}],"predecessor-version":[{"id":33,"href":"https:\/\/blazync.space\/index.php?rest_route=\/wp\/v2\/pages\/32\/revisions\/33"}],"wp:attachment":[{"href":"https:\/\/blazync.space\/index.php?rest_route=%2Fwp%2Fv2%2Fmedia&parent=32"}],"curies":[{"name":"wp","href":"https:\/\/api.w.org\/{rel}","templated":true}]}}